{"id":9561,"date":"2021-02-17T12:00:33","date_gmt":"2021-02-17T12:00:33","guid":{"rendered":"https:\/\/www.galerieloft.com\/?post_type=product&#038;p=9561"},"modified":"2023-02-24T10:48:37","modified_gmt":"2023-02-24T10:48:37","slug":"rose-calyx-vertige-philippe-huart","status":"publish","type":"product","link":"https:\/\/preprod.galerieloft.com\/en\/produits\/rose-calyx-vertige-philippe-huart\/","title":{"rendered":"Rose Calyx Vertige (Vortex 29)"},"content":{"rendered":"<p><strong>Exposition<\/strong><br \/>\n<a href=\"https:\/\/www.galerieloft.com\/expositions\/philippe-huart-%e2%80%a2-solo-show\/\">2021, Vertige, Galerie Loft, Paris, France<\/a><\/p>\n<hr \/>\n<p>Pour l&#8217;exposition\u00a0<em><strong>Vertige<\/strong><\/em>, Philippe Huart, chantre de la \u00ab\u00a0<strong>r\u00e9alit\u00e9 objective\u00a0<\/strong>\u00bb, fascine comme toujours. Sa pulsion plastique d\u2019un hyperr\u00e9alisme d\u00e9concertant vient ici former d\u2019\u00e9tonnantes compositions qui flirtent avec l\u2019abstraction comme pour mieux brouiller notre perception. Couleurs et mati\u00e8res deviennent pr\u00e9dominantes, tangibles, presque palpables. Elles s\u2019insinuent sous nos yeux, sous nos doigts, mais aussi dans notre nez, notre bouche ou nos oreilles. Oscillantes et vibrantes elles nous envahissent et nous d\u00e9stabilisent jusqu\u2019au\u00a0<strong>vertige\u00a0<\/strong>le plus absolu.<\/p>\n<hr \/>\n<h3>ARTISTE<\/h3>\n<p><strong>Philippe Huart\u00a0<\/strong>est n\u00e9 en 1953 \u00e0 Clamart (France). Apr\u00e8s des \u00e9tudes \u00e0 l\u2019Ecole Sup\u00e9rieur des Arts Modernes de Paris, il devient illustrateur et graphiste pour des \u00e9ditions litt\u00e9raires et phonographiques. En 1991 il d\u00e9cide de se consacrer d\u00e9finitivement \u00e0 la peinture et participe alors \u00e0 de nombreuses expositions, individuelles ou collectives en France et \u00e0 l\u2019\u00e9tranger. Ses r\u00e9flexions portent sur les effets que la publicit\u00e9, le marketing et la consommation ont sur notre inconscient. Sa peinture est ainsi fond\u00e9e sur le concept de \u00ab r\u00e9alit\u00e9 objective \u00bb. La perception picturale est avant tout \u00ab visuelle \u00bb. Elle est avant tout li\u00e9e \u00e0 des formes et des rythmes. Ce ne sont pas des objets de la vie quotidienne que repr\u00e9sentent les \u0153uvres de Philippe Huart, mais leurs \u00ab signes \u00bb. Ces signes, banalis\u00e9s par leur accumulation et leur fr\u00e9quence au sein de notre environnement, dont seules la juxtaposition et la superposition de leurs fragments agrandis nous permettraient de les percevoir sous un nouvel angle, \u00e0 la fois surprenant et familier.<\/p>\n","protected":false},"excerpt":{"rendered":"<p>Exposition 2021, Vertige, Galerie Loft, Paris, France Pour l&#8217;exposition\u00a0Vertige, Philippe Huart, chantre de la \u00ab\u00a0r\u00e9alit\u00e9 objective\u00a0\u00bb, fascine comme toujours. Sa pulsion plastique d\u2019un hyperr\u00e9alisme d\u00e9concertant vient ici former d\u2019\u00e9tonnantes compositions qui flirtent avec l\u2019abstraction comme pour mieux brouiller notre perception. Couleurs et mati\u00e8res deviennent pr\u00e9dominantes, tangibles, presque palpables. Elles s\u2019insinuent sous nos yeux, sous nos &hellip; <a href=\"https:\/\/preprod.galerieloft.com\/en\/produits\/rose-calyx-vertige-philippe-huart\/\">Continued<\/a><\/p>\n","protected":false},"featured_media":9563,"comment_status":"closed","ping_status":"closed","template":"","meta":[],"product_brand":[],"product_cat":[229],"product_tag":[2331],"class_list":{"0":"post-9561","1":"product","2":"type-product","3":"status-publish","4":"has-post-thumbnail","6":"product_cat-peinture","7":"product_tag-philippe-huart","8":"product_shipping_class-g-photo-tableau-encadre-grand-format","9":"pa_annee-1946","10":"pa_medium-huile-sur-toile","11":"pa_signature-signe-a-la-main","12":"pa_support-toile","14":"first","15":"instock","16":"featured","17":"taxable","18":"shipping-taxable","19":"product-type-simple"},"_links":{"self":[{"href":"https:\/\/preprod.galerieloft.com\/en\/wp-json\/wp\/v2\/product\/9561","targetHints":{"allow":["GET"]}}],"collection":[{"href":"https:\/\/preprod.galerieloft.com\/en\/wp-json\/wp\/v2\/product"}],"about":[{"href":"https:\/\/preprod.galerieloft.com\/en\/wp-json\/wp\/v2\/types\/product"}],"replies":[{"embeddable":true,"href":"https:\/\/preprod.galerieloft.com\/en\/wp-json\/wp\/v2\/comments?post=9561"}],"wp:featuredmedia":[{"embeddable":true,"href":"https:\/\/preprod.galerieloft.com\/en\/wp-json\/wp\/v2\/media\/9563"}],"wp:attachment":[{"href":"https:\/\/preprod.galerieloft.com\/en\/wp-json\/wp\/v2\/media?parent=9561"}],"wp:term":[{"taxonomy":"product_brand","embeddable":true,"href":"https:\/\/preprod.galerieloft.com\/en\/wp-json\/wp\/v2\/product_brand?post=9561"},{"taxonomy":"product_cat","embeddable":true,"href":"https:\/\/preprod.galerieloft.com\/en\/wp-json\/wp\/v2\/product_cat?post=9561"},{"taxonomy":"product_tag","embeddable":true,"href":"https:\/\/preprod.galerieloft.com\/en\/wp-json\/wp\/v2\/product_tag?post=9561"}],"curies":[{"name":"wp","href":"https:\/\/api.w.org\/{rel}","templated":true}]}}

<p><strong>Exposition</strong><br />
<a href="https://www.galerieloft.com/expositions/philippe-huart-%e2%80%a2-solo-show/">2021, Vertige, Galerie Loft, Paris, France</a></p>
<hr />
<p>Pour l&#8217;exposition <em><strong>Vertige</strong></em>, Philippe Huart, chantre de la « <strong>réalité objective </strong>», fascine comme toujours. Sa pulsion plastique d’un hyperréalisme déconcertant vient ici former d’étonnantes compositions qui flirtent avec l’abstraction comme pour mieux brouiller notre perception. Couleurs et matières deviennent prédominantes, tangibles, presque palpables. Elles s’insinuent sous nos yeux, sous nos doigts, mais aussi dans notre nez, notre bouche ou nos oreilles. Oscillantes et vibrantes elles nous envahissent et nous déstabilisent jusqu’au <strong>vertige </strong>le plus absolu.</p>
<hr />
<h3>ARTISTE</h3>
<p><strong>Philippe Huart </strong>est né en 1953 à Clamart (France). Après des études à l’Ecole Supérieur des Arts Modernes de Paris, il devient illustrateur et graphiste pour des éditions littéraires et phonographiques. En 1991 il décide de se consacrer définitivement à la peinture et participe alors à de nombreuses expositions, individuelles ou collectives en France et à l’étranger. Ses réflexions portent sur les effets que la publicité, le marketing et la consommation ont sur notre inconscient. Sa peinture est ainsi fondée sur le concept de « réalité objective ». La perception picturale est avant tout « visuelle ». Elle est avant tout liée à des formes et des rythmes. Ce ne sont pas des objets de la vie quotidienne que représentent les œuvres de Philippe Huart, mais leurs « signes ». Ces signes, banalisés par leur accumulation et leur fréquence au sein de notre environnement, dont seules la juxtaposition et la superposition de leurs fragments agrandis nous permettraient de les percevoir sous un nouvel angle, à la fois surprenant et familier.</p>

<p>Exposition 2021, Vertige, Galerie Loft, Paris, France Pour l&#8217;exposition Vertige, Philippe Huart, chantre de la « réalité objective », fascine comme toujours. Sa pulsion plastique d’un hyperréalisme déconcertant vient ici former d’étonnantes compositions qui flirtent avec l’abstraction comme pour mieux brouiller notre perception. Couleurs et matières deviennent prédominantes, tangibles, presque palpables. Elles s’insinuent sous nos yeux, sous nos &hellip; <a href="https://preprod.galerieloft.com/en/produits/rose-calyx-vertige-philippe-huart/">Continued</a></p>
