{"id":5376,"date":"2016-01-28T15:44:04","date_gmt":"2016-01-28T15:44:04","guid":{"rendered":"https:\/\/www.galerieloft.com\/\/categorie-produit\/non-classe\/produit\/dialogue-de-tours-tour-espace-masse-marino-di-teana-2\/"},"modified":"2016-09-22T16:29:43","modified_gmt":"2016-09-22T16:29:43","slug":"dialogue-de-tours-tour-espace-masse-marino-di-teana","status":"publish","type":"product","link":"https:\/\/preprod.galerieloft.com\/en\/produits\/dialogue-de-tours-tour-espace-masse-marino-di-teana\/","title":{"rendered":"Dialogue de tours \u201cTour espace Masse\u201d"},"content":{"rendered":"<p class=\"p1\">1970,<\/p>\n<p class=\"p1\">Patina Steel,<\/p>\n<p class=\"p1\">Signed with the stamp of artist,<\/p>\n<p class=\"p1\">Numbered 2\/8.<\/p>\n<hr \/>\n<p class=\"p1\"><strong>Publications :<\/strong><\/p>\n<p class=\"p1\">&#8211; &#8220;Le dompteur de vide&#8221;, article in Le Nouvel Observateur, suppl\u00e9ment L\u2019obs de Paris, mars 1989, p.XXIV<\/p>\n<p class=\"p1\">&#8211; Tom\u00e0s Alva Negri, Marino di Teana, Ediciones de Arte Gaglianone, Buenos Aires, 1987, reproduction N&amp;B (ombrage) p.75<\/p>\n<p class=\"p1\">&#8211; Periplo della scultura a Matera, Gianluigi De Vito, Catalogue de la Biennale internationale de sculture contemporaine de Matera, Edizioni della Cometa,<\/p>\n<p class=\"p1\">Roma, p.32<\/p>\n<p class=\"p1\">&#8211; Francesco Marino di Teana &#8211; Plastiken 1955 bis 1985, Gem\u00e4lde und Architekturmodelle, ouvrage r\u00e9alis\u00e9 \u00e0 l&#8217;occasion de l&#8217;exposition \u00e0 la Galerie Moderne\u00a0du Mus\u00e9e de la Saare, Saarebruck (Allemagne), 1987, reproduction N&amp;B p.100<\/p>\n<p class=\"p1\"><strong>Exhibitions :<\/strong><\/p>\n<p class=\"p1\">&#8211; &#8220;Marino di Teana &#8211; Sculptures dessins&#8221;, Exposition itin\u00e9rante, Maison de la culture et des loisirs de Saint &#8211; \u00c9tienne \/Maison des arts et loisirs de Montb\u00e9liard\u00a0\/ Mus\u00e9e des beaux-arts de Reims 1975<\/p>\n<p class=\"p1\">&#8211; &#8220;Sculptures et propositions d\u2019urbanisme&#8221;, r\u00e9trospective de Francesco Marino Di Teana, Mus.e d\u2019art moderne de la ville de Paris, du 15 janvier au 29 f\u00e9vrier 1976<\/p>\n<p class=\"p1\">&#8211; \u201cFrancesco Marino di Teana, Plastiken 1955-1985, Tableaux et mod\u00e8les d\u2019architecture\u201d, Galerie Moderne du Mus\u00e9e de La Saare, Saarebruck (Allemagne),\u00a01987.<\/p>\n<p class=\"p1\">&#8211; Biennale della scultura Italiana Contemporanea, Matera, Italie, 1988.<\/p>\n<div class=\"layoutArea\">\n<div class=\"page\" title=\"Page 69\">\n<div class=\"layoutArea\">\n<div class=\"column\">\n<p><strong>This work will be listed in the first volume of the catalog of Francesco DI MARINO TEANA dedicated to sculptures of the artist, now in preparation by LOFT edition, coordinated by Malika VINOT and Nicolas DI MARINO TEANA .<\/strong><\/p>\n<\/div>\n<\/div>\n<\/div>\n<\/div>\n<p class=\"p1\">\u00a0<\/p>\n","protected":false},"excerpt":{"rendered":"<p>1970, Patina Steel, Signed with the stamp of artist, Numbered 2\/8. Publications : &#8211; &#8220;Le dompteur de vide&#8221;, article in Le Nouvel Observateur, suppl\u00e9ment L\u2019obs de Paris, mars 1989, p.XXIV &#8211; Tom\u00e0s Alva Negri, Marino di Teana, Ediciones de Arte Gaglianone, Buenos Aires, 1987, reproduction N&amp;B (ombrage) p.75 &#8211; Periplo della scultura a Matera, Gianluigi &hellip; <a href=\"https:\/\/preprod.galerieloft.com\/en\/produits\/dialogue-de-tours-tour-espace-masse-marino-di-teana\/\">Continued<\/a><\/p>\n","protected":false},"featured_media":6557,"comment_status":"closed","ping_status":"closed","template":"","meta":[],"product_brand":[],"product_cat":[233],"product_tag":[945],"class_list":{"0":"post-5376","1":"product","2":"type-product","3":"status-publish","4":"has-post-thumbnail","6":"product_cat-sculpture-en","7":"product_tag-marino-di-teana-en","8":"product_shipping_class-sculpturedesignsmall-heavy-item","10":"first","11":"instock","12":"taxable","13":"shipping-taxable","14":"product-type-simple"},"_links":{"self":[{"href":"https:\/\/preprod.galerieloft.com\/en\/wp-json\/wp\/v2\/product\/5376","targetHints":{"allow":["GET"]}}],"collection":[{"href":"https:\/\/preprod.galerieloft.com\/en\/wp-json\/wp\/v2\/product"}],"about":[{"href":"https:\/\/preprod.galerieloft.com\/en\/wp-json\/wp\/v2\/types\/product"}],"replies":[{"embeddable":true,"href":"https:\/\/preprod.galerieloft.com\/en\/wp-json\/wp\/v2\/comments?post=5376"}],"wp:featuredmedia":[{"embeddable":true,"href":"https:\/\/preprod.galerieloft.com\/en\/wp-json\/wp\/v2\/media\/6557"}],"wp:attachment":[{"href":"https:\/\/preprod.galerieloft.com\/en\/wp-json\/wp\/v2\/media?parent=5376"}],"wp:term":[{"taxonomy":"product_brand","embeddable":true,"href":"https:\/\/preprod.galerieloft.com\/en\/wp-json\/wp\/v2\/product_brand?post=5376"},{"taxonomy":"product_cat","embeddable":true,"href":"https:\/\/preprod.galerieloft.com\/en\/wp-json\/wp\/v2\/product_cat?post=5376"},{"taxonomy":"product_tag","embeddable":true,"href":"https:\/\/preprod.galerieloft.com\/en\/wp-json\/wp\/v2\/product_tag?post=5376"}],"curies":[{"name":"wp","href":"https:\/\/api.w.org\/{rel}","templated":true}]}}

<p class="p1">1970,</p>
<p class="p1">Patina Steel,</p>
<p class="p1">Signed with the stamp of artist,</p>
<p class="p1">Numbered 2/8.</p>
<hr />
<p class="p1"><strong>Publications :</strong></p>
<p class="p1">&#8211; &#8220;Le dompteur de vide&#8221;, article in Le Nouvel Observateur, supplément L’obs de Paris, mars 1989, p.XXIV</p>
<p class="p1">&#8211; Tomàs Alva Negri, Marino di Teana, Ediciones de Arte Gaglianone, Buenos Aires, 1987, reproduction N&amp;B (ombrage) p.75</p>
<p class="p1">&#8211; Periplo della scultura a Matera, Gianluigi De Vito, Catalogue de la Biennale internationale de sculture contemporaine de Matera, Edizioni della Cometa,</p>
<p class="p1">Roma, p.32</p>
<p class="p1">&#8211; Francesco Marino di Teana &#8211; Plastiken 1955 bis 1985, Gemälde und Architekturmodelle, ouvrage réalisé à l&#8217;occasion de l&#8217;exposition à la Galerie Moderne du Musée de la Saare, Saarebruck (Allemagne), 1987, reproduction N&amp;B p.100</p>
<p class="p1"><strong>Exhibitions :</strong></p>
<p class="p1">&#8211; &#8220;Marino di Teana &#8211; Sculptures dessins&#8221;, Exposition itinérante, Maison de la culture et des loisirs de Saint &#8211; Étienne /Maison des arts et loisirs de Montbéliard / Musée des beaux-arts de Reims 1975</p>
<p class="p1">&#8211; &#8220;Sculptures et propositions d’urbanisme&#8221;, rétrospective de Francesco Marino Di Teana, Mus.e d’art moderne de la ville de Paris, du 15 janvier au 29 février 1976</p>
<p class="p1">&#8211; “Francesco Marino di Teana, Plastiken 1955-1985, Tableaux et modèles d’architecture”, Galerie Moderne du Musée de La Saare, Saarebruck (Allemagne), 1987.</p>
<p class="p1">&#8211; Biennale della scultura Italiana Contemporanea, Matera, Italie, 1988.</p>
<div class="layoutArea">
<div class="page" title="Page 69">
<div class="layoutArea">
<div class="column">
<p><strong>This work will be listed in the first volume of the catalog of Francesco DI MARINO TEANA dedicated to sculptures of the artist, now in preparation by LOFT edition, coordinated by Malika VINOT and Nicolas DI MARINO TEANA .</strong></p>
</div>
</div>
</div>
</div>
<p class="p1"> </p>

<p>1970, Patina Steel, Signed with the stamp of artist, Numbered 2/8. Publications : &#8211; &#8220;Le dompteur de vide&#8221;, article in Le Nouvel Observateur, supplément L’obs de Paris, mars 1989, p.XXIV &#8211; Tomàs Alva Negri, Marino di Teana, Ediciones de Arte Gaglianone, Buenos Aires, 1987, reproduction N&amp;B (ombrage) p.75 &#8211; Periplo della scultura a Matera, Gianluigi &hellip; <a href="https://preprod.galerieloft.com/en/produits/dialogue-de-tours-tour-espace-masse-marino-di-teana/">Continued</a></p>
