{"id":5373,"date":"2016-02-20T11:34:01","date_gmt":"2016-02-20T11:34:01","guid":{"rendered":"https:\/\/www.galerieloft.com\/\/categorie-produit\/non-classe\/produit\/cercle-desintegre-en-action-ouverture-de-lunivers-marino-di-teana-2\/"},"modified":"2022-01-08T14:24:14","modified_gmt":"2022-01-08T14:24:14","slug":"c-cercle-cube-desintegre-25cm","status":"publish","type":"product","link":"https:\/\/preprod.galerieloft.com\/en\/produits\/c-cercle-cube-desintegre-25cm\/","title":{"rendered":"Cercle cube d\u00e9sint\u00e9gr\u00e9 25cm"},"content":{"rendered":"<p>1964, Patinated steel, Edition of 8ex.<\/p>\n<hr \/>\n<div class=\"page\" title=\"Page 33\">\n<div class=\"layoutArea\">\n<div class=\"column\">\n<div class=\"layoutArea\">\n<div class=\"page\" title=\"Page 69\">\n<div class=\"layoutArea\">\n<div class=\"column\">\n<p><strong>This work will be listed in the first volume of the catalog of Francesco DI MARINO TEANA dedicated to sculptures of the artist, now in preparation by LOFT edition, coordinated by Malika VINOT and Nicolas DI MARINO TEANA .<\/strong><\/p>\n<\/div>\n<\/div>\n<\/div>\n<\/div>\n<\/div>\n<\/div>\n<\/div>\n","protected":false},"excerpt":{"rendered":"<p>1964, Patinated steel, Edition of 8ex. This work will be listed in the first volume of the catalog of Francesco DI MARINO TEANA dedicated to sculptures of the artist, now in preparation by LOFT edition, coordinated by Malika VINOT and Nicolas DI MARINO TEANA .<\/p>\n","protected":false},"featured_media":4431,"comment_status":"closed","ping_status":"closed","template":"","meta":[],"product_brand":[],"product_cat":[233],"product_tag":[945],"class_list":{"0":"post-5373","1":"product","2":"type-product","3":"status-publish","4":"has-post-thumbnail","6":"product_cat-sculpture-en","7":"product_tag-marino-di-teana-en","8":"product_shipping_class-sculpturedesignsmall-heavy-item","9":"pa_annee-1964-en","10":"pa_materiaux-acier-patine-cire-en","11":"pa_signature-signed-with-the-artists-stamp","12":"pa_tirages-8-en","14":"first","15":"instock","16":"taxable","17":"shipping-taxable","18":"product-type-simple"},"_links":{"self":[{"href":"https:\/\/preprod.galerieloft.com\/en\/wp-json\/wp\/v2\/product\/5373","targetHints":{"allow":["GET"]}}],"collection":[{"href":"https:\/\/preprod.galerieloft.com\/en\/wp-json\/wp\/v2\/product"}],"about":[{"href":"https:\/\/preprod.galerieloft.com\/en\/wp-json\/wp\/v2\/types\/product"}],"replies":[{"embeddable":true,"href":"https:\/\/preprod.galerieloft.com\/en\/wp-json\/wp\/v2\/comments?post=5373"}],"wp:featuredmedia":[{"embeddable":true,"href":"https:\/\/preprod.galerieloft.com\/en\/wp-json\/wp\/v2\/media\/4431"}],"wp:attachment":[{"href":"https:\/\/preprod.galerieloft.com\/en\/wp-json\/wp\/v2\/media?parent=5373"}],"wp:term":[{"taxonomy":"product_brand","embeddable":true,"href":"https:\/\/preprod.galerieloft.com\/en\/wp-json\/wp\/v2\/product_brand?post=5373"},{"taxonomy":"product_cat","embeddable":true,"href":"https:\/\/preprod.galerieloft.com\/en\/wp-json\/wp\/v2\/product_cat?post=5373"},{"taxonomy":"product_tag","embeddable":true,"href":"https:\/\/preprod.galerieloft.com\/en\/wp-json\/wp\/v2\/product_tag?post=5373"}],"curies":[{"name":"wp","href":"https:\/\/api.w.org\/{rel}","templated":true}]}}

Cercle cube désintégré 25cm
