{"id":5315,"date":"2016-06-23T13:46:44","date_gmt":"2016-06-23T13:46:44","guid":{"rendered":"https:\/\/www.galerieloft.com\/\/categorie-produit\/non-classe\/produit\/aube-50-cm-marino-di-teana-2\/"},"modified":"2016-11-24T11:15:27","modified_gmt":"2016-11-24T11:15:27","slug":"aube-50-cm-marino-di-teana","status":"publish","type":"product","link":"https:\/\/preprod.galerieloft.com\/en\/produits\/aube-50-cm-marino-di-teana\/","title":{"rendered":"Aube &#8211; 50 cm"},"content":{"rendered":"<p>1977,<\/p>\n<p>Polished Steel,<\/p>\n<p class=\"p1\">Signed with the artist&#8217;s monogram,<\/p>\n<p>Edition of 8 ex.<\/p>\n<hr \/>\n<p class=\"p1\"><strong>Collections publiques (dates d\u2019acquisition) :<\/strong><\/p>\n<p class=\"p1\">&#8211; 1980 : Ville de Falck (Moselle), Coll\u00e9ge de la Grande Saule (H_190 cm)<\/p>\n<p class=\"p1\">&#8211; 1981 : Ville du Havre, SCIC groupe d\u2019 HLM (H_450 cm)<\/p>\n<p class=\"p1\">&#8211; 1984 : Ville de Sucy-en-Brie, Lyc\u00e9e Montaleau (H_225 cm)<\/p>\n<p class=\"p1\">&#8211; 1994 : Ville de Neuch\u00e2tel : Parcours de sculptures, esplanade du Mus.e des Beaux-Arts de Neuch\u00e2tel (Suisse), Don de M. Pierre Uhler (H_90cm)<\/p>\n<p class=\"p1\">&#8211; 2008 : Ville de Teana (Italie) (H_190 cm)<\/p>\n<p class=\"p1\"><strong>Publications (plusieurs formats) :<\/strong><\/p>\n<p class=\"p1\">&#8211; Tom\u00e0s Alva Negri, &#8220;Marino di Teana&#8221;, Ediciones de Arte Gaglianone, Buenos Aires, 1987, reproduction N&amp;B p.41<\/p>\n<p class=\"p1\">&#8211; &#8220;Francesco Marino di Teana &#8211; Plastiken&#8221; 1955 bis 1985, Gem\u00e4lde und Architekturmodelle, ouvrage r\u00e9alis. . l&#8217;occasion de l&#8217;exposition \u00e0 la Galerie Moderne<\/p>\n<p class=\"p1\">du Mus\u00e9e de la Saare, Saarebruck (Allemagne), 1987, reproduction N&amp;B pp.119, 150 et 151 sous le titre &#8220;Aurora&#8221;<\/p>\n<p class=\"p1\">&#8211; &#8220;Marino di Teana&#8221;, Catalogue r\u00e9alis\u00e9 \u00e0 l\u2019occasion de l\u2019exposition &#8211; &#8220;Marino di Teana &#8211; Sculptures 1960-1987&#8221;, mars-avril 1988, \u00e9dition Artcurial, Paris,<\/p>\n<p class=\"p1\">reproduction N&amp;B p.13<\/p>\n<p class=\"p1\">&#8211; Giovanni Percoco, &#8220;Marino di Teana \u2013 Lo Spazio plasmatico&#8221;, Potenza, 1989, reproduction N&amp;B p.158<\/p>\n<p class=\"p1\">&#8211; &#8220;Marino di Teana&#8221;, (texte de Dora Vallier : &#8220;Que sait-on de la sculpture?&#8221;), Paris, Artcurial, \u00e9ditions de la Mouette, d\u00e9cembre 1990, reproduction N&amp;B p.40<\/p>\n<p class=\"p1\">&#8211; &#8220;Periplo della scultura di Marino di Teana nel suo paese natale : TEANA&#8221;, coordination Giovanni Percoco, ed. Regione Basilicata, 2009, reproduction couleur p.65 . 70<\/p>\n<p class=\"p1\">Expositions :<\/p>\n<p class=\"p1\">&#8211; &#8220;Exposition internationale de sculpture contemporaine Ch.teau Royal&#8221;, Collioure, du 22 mars &#8211; 15 octobre 1986, reproduction couleur au catalogue, p.81<\/p>\n<p class=\"p1\">&#8211; &#8220;Amado Coulentianos &#8211; Jeanclos &#8211; Marino di Teana &#8211; Philippe Seguin &#8211; Sculpteurs de France&#8221;, Mus.e d\u2019Ixelles, Belgique, du 13 f\u00e9vrier &#8211; 5 avril 1987,<\/p>\n<p class=\"p1\">reproduction au catalogue N&amp;B fig.12<\/p>\n<p class=\"p1\">&#8211; &#8220;Francesco Marino di Teana, Plastiken 1955-1985, Tableaux et mod\u00e8les d\u2019architecture&#8221;, Galerie Moderne du mus.e de la Saare, Saarebruck (Allemagne),<\/p>\n<p class=\"p1\">1987.<\/p>\n<p class=\"p1\">&#8211; &#8220;Marino di Teana &#8211; Sculptures 1960-1987&#8221;, mars-avril 1988, Artcurial, 9 avenue Matignon, Paris<\/p>\n<p class=\"p1\">&#8211; &#8220;Salon du 150e anniversaire de la soci\u00e9t\u00e9 des amis des arts&#8221;, Galerie des amis des arts Neuch\u00e2tel, du 1er novembre 1992 &#8211; 10 janvier 1993, reproduction\u00a0couleur au Catalogue de l\u2019exposition p.55.<\/p>\n<p class=\"p1\">&#8211; &#8220;Marino di Teana, Peintures, dessins, sculptures&#8221;, exposition . la Galerie Mich\u00e8le Broutta, du 21 mars &#8211; 21 avril 2007 &amp; ART PARIS au GRAND PALAIS du\u00a029 mars \u2013 2 avril 2007<\/p>\n","protected":false},"excerpt":{"rendered":"<p>1977, Polished Steel, Signed with the artist&#8217;s monogram, Edition of 8 ex. Collections publiques (dates d\u2019acquisition) : &#8211; 1980 : Ville de Falck (Moselle), Coll\u00e9ge de la Grande Saule (H_190 cm) &#8211; 1981 : Ville du Havre, SCIC groupe d\u2019 HLM (H_450 cm) &#8211; 1984 : Ville de Sucy-en-Brie, Lyc\u00e9e Montaleau (H_225 cm) &#8211; 1994 &hellip; <a href=\"https:\/\/preprod.galerieloft.com\/en\/produits\/aube-50-cm-marino-di-teana\/\">Continued<\/a><\/p>\n","protected":false},"featured_media":5023,"comment_status":"closed","ping_status":"closed","template":"","meta":[],"product_brand":[],"product_cat":[233],"product_tag":[945],"class_list":{"0":"post-5315","1":"product","2":"type-product","3":"status-publish","4":"has-post-thumbnail","6":"product_cat-sculpture-en","7":"product_tag-marino-di-teana-en","8":"pa_annee-1977-en","9":"pa_materiaux-acier-patine-cire-en","10":"pa_signature-signed-with-the-artists-stamp","11":"pa_tirages-8-en","13":"first","14":"instock","15":"taxable","16":"shipping-taxable","17":"product-type-simple"},"_links":{"self":[{"href":"https:\/\/preprod.galerieloft.com\/en\/wp-json\/wp\/v2\/product\/5315","targetHints":{"allow":["GET"]}}],"collection":[{"href":"https:\/\/preprod.galerieloft.com\/en\/wp-json\/wp\/v2\/product"}],"about":[{"href":"https:\/\/preprod.galerieloft.com\/en\/wp-json\/wp\/v2\/types\/product"}],"replies":[{"embeddable":true,"href":"https:\/\/preprod.galerieloft.com\/en\/wp-json\/wp\/v2\/comments?post=5315"}],"wp:featuredmedia":[{"embeddable":true,"href":"https:\/\/preprod.galerieloft.com\/en\/wp-json\/wp\/v2\/media\/5023"}],"wp:attachment":[{"href":"https:\/\/preprod.galerieloft.com\/en\/wp-json\/wp\/v2\/media?parent=5315"}],"wp:term":[{"taxonomy":"product_brand","embeddable":true,"href":"https:\/\/preprod.galerieloft.com\/en\/wp-json\/wp\/v2\/product_brand?post=5315"},{"taxonomy":"product_cat","embeddable":true,"href":"https:\/\/preprod.galerieloft.com\/en\/wp-json\/wp\/v2\/product_cat?post=5315"},{"taxonomy":"product_tag","embeddable":true,"href":"https:\/\/preprod.galerieloft.com\/en\/wp-json\/wp\/v2\/product_tag?post=5315"}],"curies":[{"name":"wp","href":"https:\/\/api.w.org\/{rel}","templated":true}]}}

<p>1977,</p>
<p>Polished Steel,</p>
<p class="p1">Signed with the artist&#8217;s monogram,</p>
<p>Edition of 8 ex.</p>
<hr />
<p class="p1"><strong>Collections publiques (dates d’acquisition) :</strong></p>
<p class="p1">&#8211; 1980 : Ville de Falck (Moselle), Collége de la Grande Saule (H_190 cm)</p>
<p class="p1">&#8211; 1981 : Ville du Havre, SCIC groupe d’ HLM (H_450 cm)</p>
<p class="p1">&#8211; 1984 : Ville de Sucy-en-Brie, Lycée Montaleau (H_225 cm)</p>
<p class="p1">&#8211; 1994 : Ville de Neuchâtel : Parcours de sculptures, esplanade du Mus.e des Beaux-Arts de Neuchâtel (Suisse), Don de M. Pierre Uhler (H_90cm)</p>
<p class="p1">&#8211; 2008 : Ville de Teana (Italie) (H_190 cm)</p>
<p class="p1"><strong>Publications (plusieurs formats) :</strong></p>
<p class="p1">&#8211; Tomàs Alva Negri, &#8220;Marino di Teana&#8221;, Ediciones de Arte Gaglianone, Buenos Aires, 1987, reproduction N&amp;B p.41</p>
<p class="p1">&#8211; &#8220;Francesco Marino di Teana &#8211; Plastiken&#8221; 1955 bis 1985, Gemälde und Architekturmodelle, ouvrage réalis. . l&#8217;occasion de l&#8217;exposition à la Galerie Moderne</p>
<p class="p1">du Musée de la Saare, Saarebruck (Allemagne), 1987, reproduction N&amp;B pp.119, 150 et 151 sous le titre &#8220;Aurora&#8221;</p>
<p class="p1">&#8211; &#8220;Marino di Teana&#8221;, Catalogue réalisé à l’occasion de l’exposition &#8211; &#8220;Marino di Teana &#8211; Sculptures 1960-1987&#8221;, mars-avril 1988, édition Artcurial, Paris,</p>
<p class="p1">reproduction N&amp;B p.13</p>
<p class="p1">&#8211; Giovanni Percoco, &#8220;Marino di Teana – Lo Spazio plasmatico&#8221;, Potenza, 1989, reproduction N&amp;B p.158</p>
<p class="p1">&#8211; &#8220;Marino di Teana&#8221;, (texte de Dora Vallier : &#8220;Que sait-on de la sculpture?&#8221;), Paris, Artcurial, éditions de la Mouette, décembre 1990, reproduction N&amp;B p.40</p>
<p class="p1">&#8211; &#8220;Periplo della scultura di Marino di Teana nel suo paese natale : TEANA&#8221;, coordination Giovanni Percoco, ed. Regione Basilicata, 2009, reproduction couleur p.65 . 70</p>
<p class="p1">Expositions :</p>
<p class="p1">&#8211; &#8220;Exposition internationale de sculpture contemporaine Ch.teau Royal&#8221;, Collioure, du 22 mars &#8211; 15 octobre 1986, reproduction couleur au catalogue, p.81</p>
<p class="p1">&#8211; &#8220;Amado Coulentianos &#8211; Jeanclos &#8211; Marino di Teana &#8211; Philippe Seguin &#8211; Sculpteurs de France&#8221;, Mus.e d’Ixelles, Belgique, du 13 février &#8211; 5 avril 1987,</p>
<p class="p1">reproduction au catalogue N&amp;B fig.12</p>
<p class="p1">&#8211; &#8220;Francesco Marino di Teana, Plastiken 1955-1985, Tableaux et modèles d’architecture&#8221;, Galerie Moderne du mus.e de la Saare, Saarebruck (Allemagne),</p>
<p class="p1">1987.</p>
<p class="p1">&#8211; &#8220;Marino di Teana &#8211; Sculptures 1960-1987&#8221;, mars-avril 1988, Artcurial, 9 avenue Matignon, Paris</p>
<p class="p1">&#8211; &#8220;Salon du 150e anniversaire de la société des amis des arts&#8221;, Galerie des amis des arts Neuchâtel, du 1er novembre 1992 &#8211; 10 janvier 1993, reproduction couleur au Catalogue de l’exposition p.55.</p>
<p class="p1">&#8211; &#8220;Marino di Teana, Peintures, dessins, sculptures&#8221;, exposition . la Galerie Michèle Broutta, du 21 mars &#8211; 21 avril 2007 &amp; ART PARIS au GRAND PALAIS du 29 mars – 2 avril 2007</p>

<p>1977, Polished Steel, Signed with the artist&#8217;s monogram, Edition of 8 ex. Collections publiques (dates d’acquisition) : &#8211; 1980 : Ville de Falck (Moselle), Collége de la Grande Saule (H_190 cm) &#8211; 1981 : Ville du Havre, SCIC groupe d’ HLM (H_450 cm) &#8211; 1984 : Ville de Sucy-en-Brie, Lycée Montaleau (H_225 cm) &#8211; 1994 &hellip; <a href="https://preprod.galerieloft.com/en/produits/aube-50-cm-marino-di-teana/">Continued</a></p>
