{"id":15758,"date":"2024-10-26T15:41:54","date_gmt":"2024-10-26T15:41:54","guid":{"rendered":"https:\/\/www.galerieloft.com\/?post_type=product&#038;p=15758"},"modified":"2024-10-26T15:41:55","modified_gmt":"2024-10-26T15:41:55","slug":"le-dard","status":"publish","type":"product","link":"https:\/\/preprod.galerieloft.com\/en\/produits\/le-dard\/","title":{"rendered":"Le Dard"},"content":{"rendered":"<p class=\"p1\"><span class=\"s1\">\u00ab\u00a0Ses sculptures disent, \u00e0 travers, le d\u00e9sir \u00e9rotique, des mouvements du corps transgressifs o\u00f9 l\u2019imaginaire qui surgit n\u2019est pas identique \u00e0 celui auquel le spectateur s\u2019attend&#8230; \u201e<\/span><\/p>\n<p class=\"p1\"><span class=\"s1\">Patrick Amine, extrait du Catalogue Raisonn\u00e9 de Philippe Hiquily, 2012, \u00c9ditions Loft<\/span><\/p>\n","protected":false},"excerpt":{"rendered":"<p>\u00ab\u00a0Ses sculptures disent, \u00e0 travers, le d\u00e9sir \u00e9rotique, des mouvements du corps transgressifs o\u00f9 l\u2019imaginaire qui surgit n\u2019est pas identique \u00e0 celui auquel le spectateur s\u2019attend&#8230; \u201e Patrick Amine, extrait du Catalogue Raisonn\u00e9 de Philippe Hiquily, 2012, \u00c9ditions Loft<\/p>\n","protected":false},"featured_media":15759,"comment_status":"closed","ping_status":"closed","template":"","meta":[],"product_brand":[],"product_cat":[230],"product_tag":[],"class_list":{"0":"post-15758","1":"product","2":"type-product","3":"status-publish","4":"has-post-thumbnail","6":"product_cat-sculpture","7":"product_shipping_class-b-sculpture-design-objet-petit-lourd-fr","8":"pa_annee-2568","9":"pa_materiaux-fer","10":"pa_signature-signature-gravee","11":"pa_tirages-piece-unique","13":"first","14":"instock","15":"taxable","16":"shipping-taxable","17":"product-type-simple"},"_links":{"self":[{"href":"https:\/\/preprod.galerieloft.com\/en\/wp-json\/wp\/v2\/product\/15758","targetHints":{"allow":["GET"]}}],"collection":[{"href":"https:\/\/preprod.galerieloft.com\/en\/wp-json\/wp\/v2\/product"}],"about":[{"href":"https:\/\/preprod.galerieloft.com\/en\/wp-json\/wp\/v2\/types\/product"}],"replies":[{"embeddable":true,"href":"https:\/\/preprod.galerieloft.com\/en\/wp-json\/wp\/v2\/comments?post=15758"}],"wp:featuredmedia":[{"embeddable":true,"href":"https:\/\/preprod.galerieloft.com\/en\/wp-json\/wp\/v2\/media\/15759"}],"wp:attachment":[{"href":"https:\/\/preprod.galerieloft.com\/en\/wp-json\/wp\/v2\/media?parent=15758"}],"wp:term":[{"taxonomy":"product_brand","embeddable":true,"href":"https:\/\/preprod.galerieloft.com\/en\/wp-json\/wp\/v2\/product_brand?post=15758"},{"taxonomy":"product_cat","embeddable":true,"href":"https:\/\/preprod.galerieloft.com\/en\/wp-json\/wp\/v2\/product_cat?post=15758"},{"taxonomy":"product_tag","embeddable":true,"href":"https:\/\/preprod.galerieloft.com\/en\/wp-json\/wp\/v2\/product_tag?post=15758"}],"curies":[{"name":"wp","href":"https:\/\/api.w.org\/{rel}","templated":true}]}}

<p class="p1"><span class="s1">« Ses sculptures disent, à travers, le désir érotique, des mouvements du corps transgressifs où l’imaginaire qui surgit n’est pas identique à celui auquel le spectateur s’attend&#8230; „</span></p>
<p class="p1"><span class="s1">Patrick Amine, extrait du Catalogue Raisonné de Philippe Hiquily, 2012, Éditions Loft</span></p>

<p>« Ses sculptures disent, à travers, le désir érotique, des mouvements du corps transgressifs où l’imaginaire qui surgit n’est pas identique à celui auquel le spectateur s’attend&#8230; „ Patrick Amine, extrait du Catalogue Raisonné de Philippe Hiquily, 2012, Éditions Loft</p>
