{"id":15646,"date":"2024-10-04T15:29:09","date_gmt":"2024-10-04T15:46:42","guid":{"rendered":"https:\/\/www.galerieloft.com\/?post_type=product&#038;p=15646"},"modified":"2024-10-04T15:46:43","modified_gmt":"2024-10-04T15:46:43","slug":"bubble-gum-christos-kalfas","status":"publish","type":"product","link":"https:\/\/preprod.galerieloft.com\/en\/produits\/bubble-gum-christos-kalfas\/","title":{"rendered":"Bubble Gum"},"content":{"rendered":"<p>Christos Kalfas&#8217; work explores the language of myths and other narratives of his culture, in juxtaposition with our modernity. Numerous solo exhibitions have followed, at international fairs such as Fiac, Art Basel, Art Brussels, etc.; and in galleries such as Patrice Trigano, galerie LOFT (Paris), Pascal Polar (Brussels), galerie d&#8217;Ath\u00e8nes and Lola Nicolas in Greece. The Mus\u00e9e d&#8217;Art Moderne in Saint-\u00c9tienne is devoting a solo exhibition to his engraved work, as is the Mus\u00e9e Picasso in Antibes.<\/p>\n<hr \/>\n<h3><strong>Artist<\/strong><\/h3>\n<p>Born in 1955 in Eleftheroupolis (northern Greece), Christos Kalfas has been interested in painting and printmaking since his early teens, but it was not until he moved to France in the late 1970s and entered the Ecole des Beaux-Arts de Saint-Etienne in 1978 that he really began his artistic training.<\/p>\n<p>&#8220;I arrived in France with a completely new outlook, a different culture, and I was a little out of touch with art as it was presented in France, it was&#8230; a little post-supportsurface, a little conceptual art as it was Frenchized; I think we all started doing figuration because we were trying to create something new.&#8221;<\/p>\n<p>From 1981 onwards, he took part in various exhibitions and salons, notably in Saint-Etienne, Lyon and Paris, before exhibiting in Europe in the 1990s and returning to present his work in his homeland from the late 1990s and on a more regular basis in the 2000s.<\/p>\n<p>He now lives and works in Paris.<\/p>\n","protected":false},"excerpt":{"rendered":"<p>Christos Kalfas&#8217; work explores the language of myths and other narratives of his culture, in juxtaposition with our modernity. Numerous solo exhibitions have followed, at international fairs such as Fiac, Art Basel, Art Brussels, etc.; and in galleries such as Patrice Trigano, galerie LOFT (Paris), Pascal Polar (Brussels), galerie d&#8217;Ath\u00e8nes and Lola Nicolas in Greece. &hellip; <a href=\"https:\/\/preprod.galerieloft.com\/en\/produits\/bubble-gum-christos-kalfas\/\">Continued<\/a><\/p>\n","protected":false},"featured_media":15643,"comment_status":"closed","ping_status":"closed","template":"","meta":[],"product_brand":[],"product_cat":[233],"product_tag":[],"class_list":{"0":"post-15646","1":"product","2":"type-product","3":"status-publish","4":"has-post-thumbnail","6":"product_cat-sculpture-en","7":"product_shipping_class-sculpturedesignsmall-heavy-item","8":"pa_annee-2023-en","9":"pa_materiaux-bronze-acier-en","10":"pa_signature-signature-gravee-en","12":"first","13":"instock","14":"taxable","15":"shipping-taxable","16":"product-type-simple"},"_links":{"self":[{"href":"https:\/\/preprod.galerieloft.com\/en\/wp-json\/wp\/v2\/product\/15646","targetHints":{"allow":["GET"]}}],"collection":[{"href":"https:\/\/preprod.galerieloft.com\/en\/wp-json\/wp\/v2\/product"}],"about":[{"href":"https:\/\/preprod.galerieloft.com\/en\/wp-json\/wp\/v2\/types\/product"}],"replies":[{"embeddable":true,"href":"https:\/\/preprod.galerieloft.com\/en\/wp-json\/wp\/v2\/comments?post=15646"}],"wp:featuredmedia":[{"embeddable":true,"href":"https:\/\/preprod.galerieloft.com\/en\/wp-json\/wp\/v2\/media\/15643"}],"wp:attachment":[{"href":"https:\/\/preprod.galerieloft.com\/en\/wp-json\/wp\/v2\/media?parent=15646"}],"wp:term":[{"taxonomy":"product_brand","embeddable":true,"href":"https:\/\/preprod.galerieloft.com\/en\/wp-json\/wp\/v2\/product_brand?post=15646"},{"taxonomy":"product_cat","embeddable":true,"href":"https:\/\/preprod.galerieloft.com\/en\/wp-json\/wp\/v2\/product_cat?post=15646"},{"taxonomy":"product_tag","embeddable":true,"href":"https:\/\/preprod.galerieloft.com\/en\/wp-json\/wp\/v2\/product_tag?post=15646"}],"curies":[{"name":"wp","href":"https:\/\/api.w.org\/{rel}","templated":true}]}}

<p>Christos Kalfas&#8217; work explores the language of myths and other narratives of his culture, in juxtaposition with our modernity. Numerous solo exhibitions have followed, at international fairs such as Fiac, Art Basel, Art Brussels, etc.; and in galleries such as Patrice Trigano, galerie LOFT (Paris), Pascal Polar (Brussels), galerie d&#8217;Athènes and Lola Nicolas in Greece. The Musée d&#8217;Art Moderne in Saint-Étienne is devoting a solo exhibition to his engraved work, as is the Musée Picasso in Antibes.</p>
<hr />
<h3><strong>Artist</strong></h3>
<p>Born in 1955 in Eleftheroupolis (northern Greece), Christos Kalfas has been interested in painting and printmaking since his early teens, but it was not until he moved to France in the late 1970s and entered the Ecole des Beaux-Arts de Saint-Etienne in 1978 that he really began his artistic training.</p>
<p>&#8220;I arrived in France with a completely new outlook, a different culture, and I was a little out of touch with art as it was presented in France, it was&#8230; a little post-supportsurface, a little conceptual art as it was Frenchized; I think we all started doing figuration because we were trying to create something new.&#8221;</p>
<p>From 1981 onwards, he took part in various exhibitions and salons, notably in Saint-Etienne, Lyon and Paris, before exhibiting in Europe in the 1990s and returning to present his work in his homeland from the late 1990s and on a more regular basis in the 2000s.</p>
<p>He now lives and works in Paris.</p>

<p>Christos Kalfas&#8217; work explores the language of myths and other narratives of his culture, in juxtaposition with our modernity. Numerous solo exhibitions have followed, at international fairs such as Fiac, Art Basel, Art Brussels, etc.; and in galleries such as Patrice Trigano, galerie LOFT (Paris), Pascal Polar (Brussels), galerie d&#8217;Athènes and Lola Nicolas in Greece. &hellip; <a href="https://preprod.galerieloft.com/en/produits/bubble-gum-christos-kalfas/">Continued</a></p>
