{"id":5563,"date":"2015-05-13T16:00:17","date_gmt":"2015-05-13T16:00:17","guid":{"rendered":"https:\/\/www.galerieloft.com\/exhibition\/peintures-parietales-jerome-mesnager-17-sept-1993-2\/"},"modified":"2026-03-20T14:59:58","modified_gmt":"2026-03-20T14:59:58","slug":"peintures-parietales-jerome-mesnager-17-sept-1993","status":"publish","type":"exhibition","link":"https:\/\/preprod.galerieloft.com\/en\/exhibitions\/peintures-parietales-jerome-mesnager-17-sept-1993\/","title":{"rendered":"Parietal Paintings- J\u00e9r\u00f4me Mesnager"},"content":{"rendered":"<p>Participation of Galerie Loft in the exhibition of J\u00e9r\u00f4me Mesnager at the Mus\u00e9e des Tumulus de Bougon.<\/p>\n","protected":false},"excerpt":{"rendered":"<p>Participation of Galerie Loft in the exhibition of J\u00e9r\u00f4me Mesnager at the Mus\u00e9e des Tumulus de Bougon.<\/p>\n","protected":false},"featured_media":0,"template":"","class_list":["post-5563","exhibition","type-exhibition","status-publish","hentry"],"_links":{"self":[{"href":"https:\/\/preprod.galerieloft.com\/en\/wp-json\/wp\/v2\/exhibition\/5563","targetHints":{"allow":["GET"]}}],"collection":[{"href":"https:\/\/preprod.galerieloft.com\/en\/wp-json\/wp\/v2\/exhibition"}],"about":[{"href":"https:\/\/preprod.galerieloft.com\/en\/wp-json\/wp\/v2\/types\/exhibition"}],"wp:attachment":[{"href":"https:\/\/preprod.galerieloft.com\/en\/wp-json\/wp\/v2\/media?parent=5563"}],"curies":[{"name":"wp","href":"https:\/\/api.w.org\/{rel}","templated":true}]}}

Parietal Paintings- Jérôme Mesnager

<p>Participation of Galerie Loft in the exhibition of Jérôme Mesnager at the Musée des Tumulus de Bougon.</p>
