{"id":3614,"date":"2015-06-05T09:15:19","date_gmt":"2015-06-05T09:15:19","guid":{"rendered":"https:\/\/www.galerieloft.com\/exhibition\/loftissimes-exposition-des-editions-de-la-galerie-loft-28-nov-au-18-janvier-2014-2\/"},"modified":"2026-03-19T17:13:07","modified_gmt":"2026-03-19T17:13:07","slug":"loftissimes-exposition-des-editions-de-la-galerie-loft-28-nov-au-18-janvier-2014","status":"publish","type":"exhibition","link":"https:\/\/preprod.galerieloft.com\/en\/exhibitions\/loftissimes-exposition-des-editions-de-la-galerie-loft-28-nov-au-18-janvier-2014\/","title":{"rendered":"LOFTISSIMES &#8211; EXHIBITION OF GALERIE LOFT EDITIONS"},"content":{"rendered":"\n<p><\/p>\n\n\n<p>Jean-Fran\u00e7ois Roudillon is pleased to invite you to the exhibition &#8221; LOFTISSIMES- A Work of Art for Christmas.&#8221;<\/p>\n<p><strong>Exhibition of Galerie Loft Editions<\/strong><\/p>\n<p>Sculptures, Furniture, Drawings, Lithographs, Lacquer Works, Art Books, and Tableware<\/p>\n<p><strong>Artists<\/strong>\u00a0: Arman, Ben, C\u00e9sar, Mun-Gi Yang, Philippe Hiquily, Christos Kalfas, Ll Chaoxiong, Li Lihong, J\u00e9r\u00f4me Mesnager, Yazid Oulab, Guillaume Pi\u00e9chaud, Bernard Quentin, Bernard Rancillac, Antonio S\u00e9gui, Sui Juangao, Guo Wei, Zhao Bandi, Zhou Tiehai.<\/p>","protected":false},"excerpt":{"rendered":"<p>Jean-Fran\u00e7ois Roudillon is pleased to invite you to the exhibition &#8221; LOFTISSIMES- A Work of Art for Christmas.&#8221;<\/p>\n","protected":false},"featured_media":3378,"template":"","class_list":["post-3614","exhibition","type-exhibition","status-publish","has-post-thumbnail","hentry"],"_links":{"self":[{"href":"https:\/\/preprod.galerieloft.com\/en\/wp-json\/wp\/v2\/exhibition\/3614","targetHints":{"allow":["GET"]}}],"collection":[{"href":"https:\/\/preprod.galerieloft.com\/en\/wp-json\/wp\/v2\/exhibition"}],"about":[{"href":"https:\/\/preprod.galerieloft.com\/en\/wp-json\/wp\/v2\/types\/exhibition"}],"wp:featuredmedia":[{"embeddable":true,"href":"https:\/\/preprod.galerieloft.com\/en\/wp-json\/wp\/v2\/media\/3378"}],"wp:attachment":[{"href":"https:\/\/preprod.galerieloft.com\/en\/wp-json\/wp\/v2\/media?parent=3614"}],"curies":[{"name":"wp","href":"https:\/\/api.w.org\/{rel}","templated":true}]}}

<p></p>


<p>Jean-François Roudillon is pleased to invite you to the exhibition &#8221; LOFTISSIMES- A Work of Art for Christmas.&#8221;</p>
<p><strong>Exhibition of Galerie Loft Editions</strong></p>
<p>Sculptures, Furniture, Drawings, Lithographs, Lacquer Works, Art Books, and Tableware</p>
<p><strong>Artists</strong> : Arman, Ben, César, Mun-Gi Yang, Philippe Hiquily, Christos Kalfas, Ll Chaoxiong, Li Lihong, Jérôme Mesnager, Yazid Oulab, Guillaume Piéchaud, Bernard Quentin, Bernard Rancillac, Antonio Ségui, Sui Juangao, Guo Wei, Zhao Bandi, Zhou Tiehai.</p>

<p>Jean-François Roudillon is pleased to invite you to the exhibition &#8221; LOFTISSIMES- A Work of Art for Christmas.&#8221;</p>
