{"id":17774,"date":"2026-03-03T14:18:09","date_gmt":"2026-03-03T14:18:09","guid":{"rendered":"https:\/\/preprod.galerieloft.com\/?post_type=exhibition&#038;p=17774"},"modified":"2026-03-05T10:38:13","modified_gmt":"2026-03-05T10:38:13","slug":"journal-intime","status":"publish","type":"exhibition","link":"https:\/\/preprod.galerieloft.com\/en\/exhibitions\/journal-intime\/","title":{"rendered":"Intimate journals"},"content":{"rendered":"\n<p><\/p>\n\n\n\n<p>Each of them seeks to invent her own visual language rooted in life experiences and family narratives, whether these take root in their country of origin or their country of adoption. Imbued with intimacy, their works form a cartography of these plural identities.<\/p>\n\n\n\n<p>An Iranian artist now based in France, <strong>Hajar Satari <\/strong>transcribes her daily experiences in her work: the studio, the domestic space, but also high-altitude mountains. She strives to materialize the different temporal scales she perceives in these places that form the foundation of her life and artistic practice.<\/p>\n\n\n\n<p>Of Franco-Iranian origin, <strong>Parvine Curie <\/strong>was born and raised in France. After traveling across Europe, she settled in Barcelona. Her work reflects her life as a woman and a mother, while also integrating the architectures that have marked her journeys\u2014temples, pyramids, churches, particularly those of Catalonia. These forms become witnesses to her observations and her inner transformations.<\/p>\n\n\n\n<p>A French, Vietnamese, and Tunisian artist, <strong>Li\u00ean Ho\u00e0ng-Xu\u00e2n<\/strong> weaves connections between these territories in order to imagine hybrid places. Before obtaining her DNSAP from the \u00c9cole des Beaux-Arts de Paris, she graduated from the Academy of Fine Arts in Beirut, Lebanon. She creates a dialogue between these cities of the \u201cSouth of nowhere,\u201d crossed by electrical cables and housing blocks, where autobiographical references intertwine with urban landscapes inhabited by mystical figures.<\/p>\n\n\n\n<p>Franco-Moroccan, <strong>Margaux Derhy <\/strong>pursues a deep exploration of her origins, developing a singular artistic language through embroideries, murals, and canvases that recount her family history. Drawing from photographic archives\u2014particularly those of her paternal family, who left Morocco in 1967\u2014she questions what has been lost, silenced, altered, or transformed through exile, migration, and processes of assimilation. Her studio in Massa, Morocco, where she collaborates with women from the region, as well as the founding of the <em>Cercle de l\u2019Art<\/em> in 2020\u2014an initiative dedicated to supporting Francophone women artists\u2014extend this commitment that is both intimate and collective.<\/p>\n\n\n\n<p>Maternal figures, family and romantic feelings, personal trajectories, and the reclaiming of origins: these artists explore different forms of expression, mobilizing archives and memories to give rise to deeply personal works in which the intimate becomes universal.<\/p>\n\n\n\n<p><\/p>\n","protected":false},"excerpt":{"rendered":"<p>Galerie LOFT invites you to discover the intimate journals of four women artists: Hajar Satari, Parvine Curie, Li\u00ean Ho\u00e0ng-Xu\u00e2n, and Margaux Derhy.<\/p>\n","protected":false},"featured_media":17773,"template":"","class_list":["post-17774","exhibition","type-exhibition","status-publish","has-post-thumbnail","hentry"],"_links":{"self":[{"href":"https:\/\/preprod.galerieloft.com\/en\/wp-json\/wp\/v2\/exhibition\/17774","targetHints":{"allow":["GET"]}}],"collection":[{"href":"https:\/\/preprod.galerieloft.com\/en\/wp-json\/wp\/v2\/exhibition"}],"about":[{"href":"https:\/\/preprod.galerieloft.com\/en\/wp-json\/wp\/v2\/types\/exhibition"}],"wp:featuredmedia":[{"embeddable":true,"href":"https:\/\/preprod.galerieloft.com\/en\/wp-json\/wp\/v2\/media\/17773"}],"wp:attachment":[{"href":"https:\/\/preprod.galerieloft.com\/en\/wp-json\/wp\/v2\/media?parent=17774"}],"curies":[{"name":"wp","href":"https:\/\/api.w.org\/{rel}","templated":true}]}}

<p></p>



<p>Each of them seeks to invent her own visual language rooted in life experiences and family narratives, whether these take root in their country of origin or their country of adoption. Imbued with intimacy, their works form a cartography of these plural identities.</p>



<p>An Iranian artist now based in France, <strong>Hajar Satari </strong>transcribes her daily experiences in her work: the studio, the domestic space, but also high-altitude mountains. She strives to materialize the different temporal scales she perceives in these places that form the foundation of her life and artistic practice.</p>



<p>Of Franco-Iranian origin, <strong>Parvine Curie </strong>was born and raised in France. After traveling across Europe, she settled in Barcelona. Her work reflects her life as a woman and a mother, while also integrating the architectures that have marked her journeys—temples, pyramids, churches, particularly those of Catalonia. These forms become witnesses to her observations and her inner transformations.</p>



<p>A French, Vietnamese, and Tunisian artist, <strong>Liên Hoàng-Xuân</strong> weaves connections between these territories in order to imagine hybrid places. Before obtaining her DNSAP from the École des Beaux-Arts de Paris, she graduated from the Academy of Fine Arts in Beirut, Lebanon. She creates a dialogue between these cities of the “South of nowhere,” crossed by electrical cables and housing blocks, where autobiographical references intertwine with urban landscapes inhabited by mystical figures.</p>



<p>Franco-Moroccan, <strong>Margaux Derhy </strong>pursues a deep exploration of her origins, developing a singular artistic language through embroideries, murals, and canvases that recount her family history. Drawing from photographic archives—particularly those of her paternal family, who left Morocco in 1967—she questions what has been lost, silenced, altered, or transformed through exile, migration, and processes of assimilation. Her studio in Massa, Morocco, where she collaborates with women from the region, as well as the founding of the <em>Cercle de l’Art</em> in 2020—an initiative dedicated to supporting Francophone women artists—extend this commitment that is both intimate and collective.</p>



<p>Maternal figures, family and romantic feelings, personal trajectories, and the reclaiming of origins: these artists explore different forms of expression, mobilizing archives and memories to give rise to deeply personal works in which the intimate becomes universal.</p>



<p></p>

<p>Galerie LOFT invites you to discover the intimate journals of four women artists: Hajar Satari, Parvine Curie, Liên Hoàng-Xuân, and Margaux Derhy.</p>
