{"id":16804,"date":"2025-11-20T10:56:30","date_gmt":"2025-11-20T10:56:30","guid":{"rendered":"https:\/\/www.galerieloft.com\/expositions\/hauts-en-couleur\/"},"modified":"2025-12-09T14:27:32","modified_gmt":"2025-12-09T14:27:32","slug":"hauts-en-couleur","status":"publish","type":"exhibition","link":"https:\/\/preprod.galerieloft.com\/en\/exhibitions\/hauts-en-couleur\/","title":{"rendered":"HAUTS EN COULEUR (Bursting with color)"},"content":{"rendered":"\n<p>To close the year, Galerie Loft invites you to dive into a <strong>world bursting with color<\/strong> with its new group exhibition. Radiant paintings, vibrant sculptures, luminous works, and prints all reflect the richness and diversity of contemporary creation.<\/p>\n\n\n\n<p>This exhibition brings together the works of <strong>Francesco Marino Di Teana, Christos Kalfas, C\u00e9sar Baldaccini, Claude Gilli, Guillaume Pi\u00e9chaud, S\u00e9bastien Kito, Philippe Huart, Philippe Hiquily, Mehdi Mirbagheri, Yazid Oulab, and Li Lihong<\/strong>. It also highlights a selection of editions and prints, offering a complementary perspective on each artist\u2019s unique universe.<\/p>\n\n\n\n<p><strong>\u201cBursting with Color\u201d<\/strong> celebrates the energy, vitality, and creativity that animate the gallery. It is an invitation to explore a wealth of forms and hues, and to end the year in shared artistic brilliance.<\/p>\n","protected":false},"excerpt":{"rendered":"<p>To close the year, Galerie Loft invites you to dive into a world bursting with color with its new group exhibition. Radiant paintings, vibrant sculptures, luminous works, and prints all reflect the richness and diversity of contemporary creation.<\/p>\n","protected":false},"featured_media":16803,"template":"","class_list":["post-16804","exhibition","type-exhibition","status-publish","has-post-thumbnail","hentry"],"_links":{"self":[{"href":"https:\/\/preprod.galerieloft.com\/en\/wp-json\/wp\/v2\/exhibition\/16804","targetHints":{"allow":["GET"]}}],"collection":[{"href":"https:\/\/preprod.galerieloft.com\/en\/wp-json\/wp\/v2\/exhibition"}],"about":[{"href":"https:\/\/preprod.galerieloft.com\/en\/wp-json\/wp\/v2\/types\/exhibition"}],"wp:featuredmedia":[{"embeddable":true,"href":"https:\/\/preprod.galerieloft.com\/en\/wp-json\/wp\/v2\/media\/16803"}],"wp:attachment":[{"href":"https:\/\/preprod.galerieloft.com\/en\/wp-json\/wp\/v2\/media?parent=16804"}],"curies":[{"name":"wp","href":"https:\/\/api.w.org\/{rel}","templated":true}]}}

<p>To close the year, Galerie Loft invites you to dive into a <strong>world bursting with color</strong> with its new group exhibition. Radiant paintings, vibrant sculptures, luminous works, and prints all reflect the richness and diversity of contemporary creation.</p>



<p>This exhibition brings together the works of <strong>Francesco Marino Di Teana, Christos Kalfas, César Baldaccini, Claude Gilli, Guillaume Piéchaud, Sébastien Kito, Philippe Huart, Philippe Hiquily, Mehdi Mirbagheri, Yazid Oulab, and Li Lihong</strong>. It also highlights a selection of editions and prints, offering a complementary perspective on each artist’s unique universe.</p>



<p><strong>“Bursting with Color”</strong> celebrates the energy, vitality, and creativity that animate the gallery. It is an invitation to explore a wealth of forms and hues, and to end the year in shared artistic brilliance.</p>
