{"id":16354,"date":"2025-06-29T14:57:45","date_gmt":"2025-06-29T14:57:45","guid":{"rendered":"https:\/\/www.galerieloft.com\/expositions\/summer-selection-2\/"},"modified":"2025-07-30T13:19:52","modified_gmt":"2025-07-30T13:19:52","slug":"summer-selection-2","status":"publish","type":"exhibition","link":"https:\/\/preprod.galerieloft.com\/en\/exhibitions\/summer-selection-2\/","title":{"rendered":"Summer selection \/ \u00c0 premi\u00e8re vue"},"content":{"rendered":"\n<p><br>The Loft Gallery will be closed in August. The entire team wishes you a wonderful summer. Join us starting Tuesday, September 2nd.<br>If you\u2019re in Paris this summer, don\u2019t miss the exhibition trail displayed in gallery windows throughout Saint-Germain-des-Pr\u00e9s. Galerie Loft is showcasing the work of Anis Nabil Harbaoui, a 2024 graduate of the Beaux-Arts de Paris. Through drawing, ink, and painting, the artist explores his vision of figuration in an age of relentless technological advancement, questioning realities that are both tangible and alternative. His works will be on view all summer in the window of Galerie Loft.<\/p>\n\n\n\n<hr class=\"wp-block-separator has-alpha-channel-opacity\"\/>\n\n\n\n<p>Galerie Loft presents a group exhibition featuring works by Bernard Quentin, Christos Kalfas, Parvine Curie, Francesco Marino Di Teana, Jiang Dahai, Li\u00ean Ho\u00e0ng-Xu\u00e2n, Guillaume Pi\u00e9chad, K\u00e9vin-Ademola Sangosanya, Philippe Hiquily, Wang Keping, Yang Liming, Quiberon and Yang Jie-Chang.<\/p>\n\n\n\n<p>On the occasion of the event <strong>&#8220;\u00c0 premi\u00e8re vue&#8221;<\/strong>, which invites galleries in Saint-Germain-des-Pr\u00e9s to showcase recent graduates from the Beaux-Arts de Paris over the summer, <strong>Galerie LOFT<\/strong> has chosen to present the work of <strong>Anis Nabil Harbaoui<\/strong>, who graduated in 2024.<\/p>\n\n\n\n<p>In his works\u2014created in pencil, ink, or paint\u2014Anis Nabil Harbaoui shares his vision of figuration in an age of relentless technological progress, exploring realities that are both concrete and alternative. Drawing inspiration from reality and his surroundings, he offers a vision of a world in a state of perpetual agony.<\/p>\n\n\n\n<p>Taking a realistic approach, his work oscillates between critique and celebration of contemporary societies, raising questions about the conflicts they endure and the plagues they inevitably generate. Rich in references, his practice draws on them to probe the state of the world at the dawn of the 21st century.<\/p>\n\n\n\n<p><strong><a href=\"https:\/\/beauxartsparis.fr\/fr\/actualite\/premiere-vue-1\">More information<\/a><\/strong><\/p>\n","protected":false},"excerpt":{"rendered":"<p>The Loft Gallery will be closed in August. The entire team wishes you a wonderful summer. Join us starting Tuesday, September 2nd.<\/p>\n","protected":false},"featured_media":16351,"template":"","class_list":["post-16354","exhibition","type-exhibition","status-publish","has-post-thumbnail","hentry"],"_links":{"self":[{"href":"https:\/\/preprod.galerieloft.com\/en\/wp-json\/wp\/v2\/exhibition\/16354","targetHints":{"allow":["GET"]}}],"collection":[{"href":"https:\/\/preprod.galerieloft.com\/en\/wp-json\/wp\/v2\/exhibition"}],"about":[{"href":"https:\/\/preprod.galerieloft.com\/en\/wp-json\/wp\/v2\/types\/exhibition"}],"wp:featuredmedia":[{"embeddable":true,"href":"https:\/\/preprod.galerieloft.com\/en\/wp-json\/wp\/v2\/media\/16351"}],"wp:attachment":[{"href":"https:\/\/preprod.galerieloft.com\/en\/wp-json\/wp\/v2\/media?parent=16354"}],"curies":[{"name":"wp","href":"https:\/\/api.w.org\/{rel}","templated":true}]}}

Summer selection / À première vue

<p><br>The Loft Gallery will be closed in August. The entire team wishes you a wonderful summer. Join us starting Tuesday, September 2nd.<br>If you’re in Paris this summer, don’t miss the exhibition trail displayed in gallery windows throughout Saint-Germain-des-Prés. Galerie Loft is showcasing the work of Anis Nabil Harbaoui, a 2024 graduate of the Beaux-Arts de Paris. Through drawing, ink, and painting, the artist explores his vision of figuration in an age of relentless technological advancement, questioning realities that are both tangible and alternative. His works will be on view all summer in the window of Galerie Loft.</p>



<hr class="wp-block-separator has-alpha-channel-opacity"/>



<p>Galerie Loft presents a group exhibition featuring works by Bernard Quentin, Christos Kalfas, Parvine Curie, Francesco Marino Di Teana, Jiang Dahai, Liên Hoàng-Xuân, Guillaume Piéchad, Kévin-Ademola Sangosanya, Philippe Hiquily, Wang Keping, Yang Liming, Quiberon and Yang Jie-Chang.</p>



<p>On the occasion of the event <strong>&#8220;À première vue&#8221;</strong>, which invites galleries in Saint-Germain-des-Prés to showcase recent graduates from the Beaux-Arts de Paris over the summer, <strong>Galerie LOFT</strong> has chosen to present the work of <strong>Anis Nabil Harbaoui</strong>, who graduated in 2024.</p>



<p>In his works—created in pencil, ink, or paint—Anis Nabil Harbaoui shares his vision of figuration in an age of relentless technological progress, exploring realities that are both concrete and alternative. Drawing inspiration from reality and his surroundings, he offers a vision of a world in a state of perpetual agony.</p>



<p>Taking a realistic approach, his work oscillates between critique and celebration of contemporary societies, raising questions about the conflicts they endure and the plagues they inevitably generate. Rich in references, his practice draws on them to probe the state of the world at the dawn of the 21st century.</p>



<p><strong><a href="https://beauxartsparis.fr/fr/actualite/premiere-vue-1">More information</a></strong></p>
