{"id":14442,"date":"2023-09-21T09:45:27","date_gmt":"2023-09-21T09:45:27","guid":{"rendered":"https:\/\/www.galerieloft.com\/expositions\/jardin-cosmique-mathias-bensimon\/"},"modified":"2023-10-18T16:49:26","modified_gmt":"2023-10-18T16:49:26","slug":"jardin-cosmique-mathias-bensimon","status":"publish","type":"exhibition","link":"https:\/\/preprod.galerieloft.com\/en\/exhibitions\/jardin-cosmique-mathias-bensimon\/","title":{"rendered":"Cosmic Garden \u2022 Mathias Bensimon"},"content":{"rendered":"\n<p>Solo show on the occasion of the creation of a 21-meter-long fresco in the <a href=\"https:\/\/www.culture.gouv.fr\/en\/News\/The-art-of-the-construction-site-marries-again-young-creation-and-renovation\">interior garden of the Ministry of Culture, at 182 rue Saint-Honor\u00e9<\/a>, Paris<\/p>\n\n\n\n<p>Opening at the Loft Gallery<br>Thursday October 12, 2023 from 6 p.m.<br>In the presence of the artist<\/p>\n\n\n\n<hr class=\"wp-block-separator has-alpha-channel-opacity\"\/>\n\n\n\n<p><em>&#8220;I thought I would work on the notion of representation of life, our way of seeing reality depending on our mental representations. A form of microscopic garden both indoors and outdoors. To do this, I chose to work from quantum theories influencing living cells.<\/em>&#8221; Mathias Bensimon, Cosmic Garden project<\/p>\n\n\n\n<p>Mathias Bensimon will present his first solo exhibition at the Loft Gallery with a set of immersive works highlighting the monumental project of the \u201cCosmic Garden\u201d which will come to life in the form of a monumental fresco 21 meters long in the interior garden of the Ministry of Culture in Paris at the end of September. Inspired by microbiology, this mural is a bold fusion of art and science, capturing the intrigue and beauty of the quantum world.<\/p>\n\n\n\n<p>Visual artist, performer and dancer, Mathias Bensimon is an artist who places light at the heart of his work. Light as a medium and substance, but also light as a revealing intelligence. The artist tirelessly searches for and explores new luminous experiences through gestures and combinations of colors unique in contemporary art. Passionate about science, he has been working for a year and a half with the physicist Maxime Jacquet in a laboratory at the Sorbonne on the movement of light. A direct example is given to us with this fresco, Mathias Bensimon&#8217;s first such direct artistic foray into the scientific field.<\/p>\n\n\n\n<p>\u201cSciences give me images and avenues of reflection that will lead me to invent pictorial forms, ways of painting and representing. There is a lot of interpretation because sometimes I think from black and white or very blurry images. The whole point of this field of images is that they are images invisible to the naked eye but made visible by science and technology.\u201d Through this work, the painter wants to work on our representations of life, sometimes incomplete, and our interpretations that result from it.<\/p>\n\n\n\n<p>On this occasion, the artist invites us to dive into a world of immersive works and reveals behind the scenes of this project.<\/p>\n","protected":false},"excerpt":{"rendered":"<p>Exposition personnelle \u00e0 l\u2019occasion de la r\u00e9alisation d\u2019une fresque de 21 m\u00e8tres de long dans le jardin int\u00e9rieur du Minist\u00e8re de la Culture, au 182 rue Saint-Honor\u00e9, Paris.  L\u2019artiste nous invite \u00e0 plonger dans un univers d\u2019\u0153uvres immersives et d\u00e9voile les coulisses de ce projet.<\/p>\n","protected":false},"featured_media":14440,"template":"","class_list":["post-14442","exhibition","type-exhibition","status-publish","has-post-thumbnail","hentry"],"_links":{"self":[{"href":"https:\/\/preprod.galerieloft.com\/en\/wp-json\/wp\/v2\/exhibition\/14442","targetHints":{"allow":["GET"]}}],"collection":[{"href":"https:\/\/preprod.galerieloft.com\/en\/wp-json\/wp\/v2\/exhibition"}],"about":[{"href":"https:\/\/preprod.galerieloft.com\/en\/wp-json\/wp\/v2\/types\/exhibition"}],"wp:featuredmedia":[{"embeddable":true,"href":"https:\/\/preprod.galerieloft.com\/en\/wp-json\/wp\/v2\/media\/14440"}],"wp:attachment":[{"href":"https:\/\/preprod.galerieloft.com\/en\/wp-json\/wp\/v2\/media?parent=14442"}],"curies":[{"name":"wp","href":"https:\/\/api.w.org\/{rel}","templated":true}]}}

<p>Solo show on the occasion of the creation of a 21-meter-long fresco in the <a href="https://www.culture.gouv.fr/en/News/The-art-of-the-construction-site-marries-again-young-creation-and-renovation">interior garden of the Ministry of Culture, at 182 rue Saint-Honoré</a>, Paris</p>



<p>Opening at the Loft Gallery<br>Thursday October 12, 2023 from 6 p.m.<br>In the presence of the artist</p>



<hr class="wp-block-separator has-alpha-channel-opacity"/>



<p><em>&#8220;I thought I would work on the notion of representation of life, our way of seeing reality depending on our mental representations. A form of microscopic garden both indoors and outdoors. To do this, I chose to work from quantum theories influencing living cells.</em>&#8221; Mathias Bensimon, Cosmic Garden project</p>



<p>Mathias Bensimon will present his first solo exhibition at the Loft Gallery with a set of immersive works highlighting the monumental project of the “Cosmic Garden” which will come to life in the form of a monumental fresco 21 meters long in the interior garden of the Ministry of Culture in Paris at the end of September. Inspired by microbiology, this mural is a bold fusion of art and science, capturing the intrigue and beauty of the quantum world.</p>



<p>Visual artist, performer and dancer, Mathias Bensimon is an artist who places light at the heart of his work. Light as a medium and substance, but also light as a revealing intelligence. The artist tirelessly searches for and explores new luminous experiences through gestures and combinations of colors unique in contemporary art. Passionate about science, he has been working for a year and a half with the physicist Maxime Jacquet in a laboratory at the Sorbonne on the movement of light. A direct example is given to us with this fresco, Mathias Bensimon&#8217;s first such direct artistic foray into the scientific field.</p>



<p>“Sciences give me images and avenues of reflection that will lead me to invent pictorial forms, ways of painting and representing. There is a lot of interpretation because sometimes I think from black and white or very blurry images. The whole point of this field of images is that they are images invisible to the naked eye but made visible by science and technology.” Through this work, the painter wants to work on our representations of life, sometimes incomplete, and our interpretations that result from it.</p>



<p>On this occasion, the artist invites us to dive into a world of immersive works and reveals behind the scenes of this project.</p>

<p>Exposition personnelle à l’occasion de la réalisation d’une fresque de 21 mètres de long dans le jardin intérieur du Ministère de la Culture, au 182 rue Saint-Honoré, Paris.  L’artiste nous invite à plonger dans un univers d’œuvres immersives et dévoile les coulisses de ce projet.</p>
