{"id":12103,"date":"2022-07-19T16:12:16","date_gmt":"2022-07-19T16:12:16","guid":{"rendered":"https:\/\/www.galerieloft.com\/expositions\/a-premiere-vue-brice-blanque\/"},"modified":"2022-07-19T16:28:33","modified_gmt":"2022-07-19T16:28:33","slug":"a-premiere-vue-brice-blanque","status":"publish","type":"exhibition","link":"https:\/\/preprod.galerieloft.com\/en\/exhibitions\/a-premiere-vue-brice-blanque\/","title":{"rendered":"\u00c0 premi\u00e8re vue &#8211; Brice Blanqu\u00e9"},"content":{"rendered":"<div class=\"\">\n<p>The Loft gallery will be closed in August and will open its doors on Thursday, September 1. We wish you a good summer.<\/p>\n<hr \/>\n<p>The Beaux-arts de Paris and the galleries of Saint-Germain-des-Pr\u00e9s are joining forces to allow young graduate artists to exhibit in the original format of the showcase, thus offering a look at young creation during the period. summer.<\/p>\n<p>Galerie Loft presents the paintings of young graduate Brice Blanqu\u00e9.<\/p>\n<hr \/>\n<p>\u201cI mix memories,\u201d says Brice Blanqu\u00e9. For sure, a feeling of deja vu emerges from the first glance on these licked canvases which smell of hot tobacco, the infusion of yesteryear or the gray matter of Einstein. Is it because they summon personal memories or references that are paradoxically common to all? Or that they amuse the childish eye trying to decipher a rebus?<\/p>\n<p>Let&#8217;s take a look at the geometric ornaments present on the wallpapers and carpets: between art deco style and the 1970s brought up to date, these patterns are either treated flat or converge towards a vanishing point nestled in depth. Some form a screen; the others, an off-screen. This beyond the image \u2013 Magritian betrayal \u2013 generates an artificial space, between interior and exterior, to engage the observer in an introspection, then an extrospection.<\/p>\n<p>Note that a form of spatial confusion is caused by these falsely disparate patterns which harmonize with a palette ranging from hazelnut to salmon pink, from cerulean blue to slate, all punctuated with shimmering touches. If the atmosphere seems hushed, ghosts silently haunt each scene like reminiscences of a past or the return to consciousness of an erased impression. These specters are the visible trace of the painter&#8217;s repentance: Brice Blanqu\u00e9 plays with aesthetic and mental transparency with a dexterity that is as technical as it is disconcerting. The result is an image that is too methodical, too clean to be real. It is this work already museumized, obliged to weave a dialogue which must agree with the other objects exposed in an impeccable room where nothing must hinder their contemplation.<\/p>\n<p>Brice Blanqu\u00e9&#8217;s painting piques exactly this aporia: faced with Jean-Fran\u00e7ois Millet&#8217;s Angelus quoted in one of his paintings, how to &#8220;really&#8221; feel the devotion of the peasants&#8230; This observance imposed by the ecclesiastical institution does not would it not remind the one imposed by the museum institution to the viewers? There, perhaps lodges the key of the rebus.<\/p>\n<p>Anne-Laure Peressin<\/p>\n<\/div>\n","protected":false},"excerpt":{"rendered":"<p>The Loft gallery will be closed in August and will open its doors on Thursday, September 1. We wish you a good summer.<\/p>\n<p>The Beaux-arts de Paris and the galleries of Saint-Germain-des-Pr\u00e9s are joining forces to allow young graduate artists to exhibit in the original format of the showcase, thus offering a look at young creation during the period. summer.<\/p>\n<p>Galerie Loft presents the paintings of young graduate Brice Blanqu\u00e9.<\/p>\n","protected":false},"featured_media":12101,"template":"","class_list":["post-12103","exhibition","type-exhibition","status-publish","has-post-thumbnail","hentry"],"_links":{"self":[{"href":"https:\/\/preprod.galerieloft.com\/en\/wp-json\/wp\/v2\/exhibition\/12103","targetHints":{"allow":["GET"]}}],"collection":[{"href":"https:\/\/preprod.galerieloft.com\/en\/wp-json\/wp\/v2\/exhibition"}],"about":[{"href":"https:\/\/preprod.galerieloft.com\/en\/wp-json\/wp\/v2\/types\/exhibition"}],"wp:featuredmedia":[{"embeddable":true,"href":"https:\/\/preprod.galerieloft.com\/en\/wp-json\/wp\/v2\/media\/12101"}],"wp:attachment":[{"href":"https:\/\/preprod.galerieloft.com\/en\/wp-json\/wp\/v2\/media?parent=12103"}],"curies":[{"name":"wp","href":"https:\/\/api.w.org\/{rel}","templated":true}]}}

À première vue &#8211; Brice Blanqué

<div class="">
<p>The Loft gallery will be closed in August and will open its doors on Thursday, September 1. We wish you a good summer.</p>
<hr />
<p>The Beaux-arts de Paris and the galleries of Saint-Germain-des-Prés are joining forces to allow young graduate artists to exhibit in the original format of the showcase, thus offering a look at young creation during the period. summer.</p>
<p>Galerie Loft presents the paintings of young graduate Brice Blanqué.</p>
<hr />
<p>“I mix memories,” says Brice Blanqué. For sure, a feeling of deja vu emerges from the first glance on these licked canvases which smell of hot tobacco, the infusion of yesteryear or the gray matter of Einstein. Is it because they summon personal memories or references that are paradoxically common to all? Or that they amuse the childish eye trying to decipher a rebus?</p>
<p>Let&#8217;s take a look at the geometric ornaments present on the wallpapers and carpets: between art deco style and the 1970s brought up to date, these patterns are either treated flat or converge towards a vanishing point nestled in depth. Some form a screen; the others, an off-screen. This beyond the image – Magritian betrayal – generates an artificial space, between interior and exterior, to engage the observer in an introspection, then an extrospection.</p>
<p>Note that a form of spatial confusion is caused by these falsely disparate patterns which harmonize with a palette ranging from hazelnut to salmon pink, from cerulean blue to slate, all punctuated with shimmering touches. If the atmosphere seems hushed, ghosts silently haunt each scene like reminiscences of a past or the return to consciousness of an erased impression. These specters are the visible trace of the painter&#8217;s repentance: Brice Blanqué plays with aesthetic and mental transparency with a dexterity that is as technical as it is disconcerting. The result is an image that is too methodical, too clean to be real. It is this work already museumized, obliged to weave a dialogue which must agree with the other objects exposed in an impeccable room where nothing must hinder their contemplation.</p>
<p>Brice Blanqué&#8217;s painting piques exactly this aporia: faced with Jean-François Millet&#8217;s Angelus quoted in one of his paintings, how to &#8220;really&#8221; feel the devotion of the peasants&#8230; This observance imposed by the ecclesiastical institution does not would it not remind the one imposed by the museum institution to the viewers? There, perhaps lodges the key of the rebus.</p>
<p>Anne-Laure Peressin</p>
</div>

<p>The Loft gallery will be closed in August and will open its doors on Thursday, September 1. We wish you a good summer.</p>
<p>The Beaux-arts de Paris and the galleries of Saint-Germain-des-Prés are joining forces to allow young graduate artists to exhibit in the original format of the showcase, thus offering a look at young creation during the period. summer.</p>
<p>Galerie Loft presents the paintings of young graduate Brice Blanqué.</p>
