{"id":10473,"date":"2021-07-29T10:00:18","date_gmt":"2021-07-29T10:00:18","guid":{"rendered":"https:\/\/www.galerieloft.com\/expositions\/art-paris-2021-galerie-loft-the-70s-show\/"},"modified":"2021-09-03T16:52:17","modified_gmt":"2021-09-03T16:52:17","slug":"art-paris-2021-galerie-loft-the-70s-show","status":"publish","type":"exhibition","link":"https:\/\/preprod.galerieloft.com\/en\/exhibitions\/art-paris-2021-galerie-loft-the-70s-show\/","title":{"rendered":"ART PARIS 2021 \u2022 Galerie LOFT \u2022 THE 70&#8217;S SHOW"},"content":{"rendered":"<p>From Thursday 9 to Sunday 12 September 2021, Art Paris is the first international artistic event to inaugurate the Grand Palais \u00c9ph\u00e9m\u00e8re, a spectacular structure by Jean-Michel Wilmotte on the Champ-de-Mars.<\/p>\n<p>The Loft Gallery is pleased to welcome you to the ART PARIS fair to discover our unique exhibition &#8220;THE 70&#8217;S SHOW&#8221;.<\/p>\n<hr \/>\n<p>INFORMATION<br \/>\nOpen to the public<br \/>\nThursday September 9 12 p.m. &#8211; 8 p.m.<br \/>\nFriday September 10 12 p.m. &#8211; 9 p.m.<br \/>\nSaturday September 11 12 p.m. &#8211; 8 p.m.<br \/>\nSunday September 12 12 p.m. &#8211; 8 p.m.<\/p>\n<p>Opening<br \/>\nWednesday September 8 from 11 a.m. to 9 p.m. (by invitation)<\/p>\n<p>Pre-openings<br \/>\nfrom Thursday 9 to Sunday 12 September from 10 a.m. to 12 p.m.<br \/>\nReserved for holders of VIP, Prestige and Daily Preview badges<\/p>\n<hr \/>\n<h3>LOFT Gallery \u2022 THE 70&#8217;S SHOW<br \/>\nStand F8<\/h3>\n<p>\u266b Do you remember\u2026 \u266a<br \/>\nPop, colors; funk, synthesizers, disco, glow\u2026.<\/p>\n<p>The decade from the late 1960s to the late 1970s was colorful. A true visual revolution as much as a social and cultural one, the world is shaken by a wind of freedom. Art is also undergoing significant changes thanks to the questions brought to the artistic scene by major movements such as Support-surface, New Realism, Pop Art, Narrative Figuration, Arte Povera, minimal art, Op Art or conceptual art.<\/p>\n<p>This is the time for discoveries and experiments. Design in the United States and Europe is going through a pivotal period, notably thanks to the major contribution of the artist Bernard Quentin in the field of inflatable sculpture. As for the sculpture, it is available on all media and all dimensions. Games of perspectives, movements, lines and shapes respond and harmonize. Philippe Hiquily and Francesco Marino di Teana explore their own practice to offer us their most iconic works.<\/p>\n<p>For ArtParis 2021, the LOFT gallery has chosen to plunge into the heart of these key years, to offer us a vibrant look at this decade like no other. So mark your calendars, we are waiting for you on our stand F8 in the heart of the ephemeral Grand Palais on the Champ de Mars from September 8.<\/p>\n<p>&nbsp;<\/p>\n<p><a href=\"https:\/\/www.galerieloft.com\/media\/uploads\/2021\/07\/Art-beaubourg.jpg\"><img loading=\"lazy\" decoding=\"async\" class=\"alignnone size-large wp-image-10468\" src=\"https:\/\/www.galerieloft.com\/media\/uploads\/2021\/07\/Art-beaubourg-1024x695.jpg\" alt=\"\" width=\"1024\" height=\"695\" srcset=\"https:\/\/preprod.galerieloft.com\/media\/uploads\/2021\/07\/Art-beaubourg-1024x695.jpg 1024w, https:\/\/preprod.galerieloft.com\/media\/uploads\/2021\/07\/Art-beaubourg-300x204.jpg 300w, https:\/\/preprod.galerieloft.com\/media\/uploads\/2021\/07\/Art-beaubourg-768x521.jpg 768w, https:\/\/preprod.galerieloft.com\/media\/uploads\/2021\/07\/Art-beaubourg-1536x1043.jpg 1536w, https:\/\/preprod.galerieloft.com\/media\/uploads\/2021\/07\/Art-beaubourg.jpg 2000w\" sizes=\"auto, (max-width: 1024px) 100vw, 1024px\" \/><\/a><\/p>\n<p>&nbsp;<\/p>\n","protected":false},"excerpt":{"rendered":"<p>From Thursday 9 to Sunday 12 September 2021, Art Paris is the first international artistic event to inaugurate the Grand Palais \u00c9ph\u00e9m\u00e8re, a spectacular structure by Jean-Michel Wilmotte on the Champ-de-Mars.<br \/>\nThe Loft Gallery is pleased to welcome you to the ART PARIS fair to discover our unique exhibition &#8220;THE 70&#8217;s SHOW&#8221;.<\/p>\n","protected":false},"featured_media":5522,"template":"","class_list":["post-10473","exhibition","type-exhibition","status-publish","has-post-thumbnail","hentry"],"_links":{"self":[{"href":"https:\/\/preprod.galerieloft.com\/en\/wp-json\/wp\/v2\/exhibition\/10473","targetHints":{"allow":["GET"]}}],"collection":[{"href":"https:\/\/preprod.galerieloft.com\/en\/wp-json\/wp\/v2\/exhibition"}],"about":[{"href":"https:\/\/preprod.galerieloft.com\/en\/wp-json\/wp\/v2\/types\/exhibition"}],"wp:featuredmedia":[{"embeddable":true,"href":"https:\/\/preprod.galerieloft.com\/en\/wp-json\/wp\/v2\/media\/5522"}],"wp:attachment":[{"href":"https:\/\/preprod.galerieloft.com\/en\/wp-json\/wp\/v2\/media?parent=10473"}],"curies":[{"name":"wp","href":"https:\/\/api.w.org\/{rel}","templated":true}]}}

<p>From Thursday 9 to Sunday 12 September 2021, Art Paris is the first international artistic event to inaugurate the Grand Palais Éphémère, a spectacular structure by Jean-Michel Wilmotte on the Champ-de-Mars.</p>
<p>The Loft Gallery is pleased to welcome you to the ART PARIS fair to discover our unique exhibition &#8220;THE 70&#8217;S SHOW&#8221;.</p>
<hr />
<p>INFORMATION<br />
Open to the public<br />
Thursday September 9 12 p.m. &#8211; 8 p.m.<br />
Friday September 10 12 p.m. &#8211; 9 p.m.<br />
Saturday September 11 12 p.m. &#8211; 8 p.m.<br />
Sunday September 12 12 p.m. &#8211; 8 p.m.</p>
<p>Opening<br />
Wednesday September 8 from 11 a.m. to 9 p.m. (by invitation)</p>
<p>Pre-openings<br />
from Thursday 9 to Sunday 12 September from 10 a.m. to 12 p.m.<br />
Reserved for holders of VIP, Prestige and Daily Preview badges</p>
<hr />
<h3>LOFT Gallery • THE 70&#8217;S SHOW<br />
Stand F8</h3>
<p>♫ Do you remember… ♪<br />
Pop, colors; funk, synthesizers, disco, glow….</p>
<p>The decade from the late 1960s to the late 1970s was colorful. A true visual revolution as much as a social and cultural one, the world is shaken by a wind of freedom. Art is also undergoing significant changes thanks to the questions brought to the artistic scene by major movements such as Support-surface, New Realism, Pop Art, Narrative Figuration, Arte Povera, minimal art, Op Art or conceptual art.</p>
<p>This is the time for discoveries and experiments. Design in the United States and Europe is going through a pivotal period, notably thanks to the major contribution of the artist Bernard Quentin in the field of inflatable sculpture. As for the sculpture, it is available on all media and all dimensions. Games of perspectives, movements, lines and shapes respond and harmonize. Philippe Hiquily and Francesco Marino di Teana explore their own practice to offer us their most iconic works.</p>
<p>For ArtParis 2021, the LOFT gallery has chosen to plunge into the heart of these key years, to offer us a vibrant look at this decade like no other. So mark your calendars, we are waiting for you on our stand F8 in the heart of the ephemeral Grand Palais on the Champ de Mars from September 8.</p>
<p>&nbsp;</p>
<p><a href="https://www.galerieloft.com/media/uploads/2021/07/Art-beaubourg.jpg"><img loading="lazy" decoding="async" class="alignnone size-large wp-image-10468" src="https://www.galerieloft.com/media/uploads/2021/07/Art-beaubourg-1024x695.jpg" alt="" width="1024" height="695" srcset="https://preprod.galerieloft.com/media/uploads/2021/07/Art-beaubourg-1024x695.jpg 1024w, https://preprod.galerieloft.com/media/uploads/2021/07/Art-beaubourg-300x204.jpg 300w, https://preprod.galerieloft.com/media/uploads/2021/07/Art-beaubourg-768x521.jpg 768w, https://preprod.galerieloft.com/media/uploads/2021/07/Art-beaubourg-1536x1043.jpg 1536w, https://preprod.galerieloft.com/media/uploads/2021/07/Art-beaubourg.jpg 2000w" sizes="auto, (max-width: 1024px) 100vw, 1024px" /></a></p>
<p>&nbsp;</p>

<p>From Thursday 9 to Sunday 12 September 2021, Art Paris is the first international artistic event to inaugurate the Grand Palais Éphémère, a spectacular structure by Jean-Michel Wilmotte on the Champ-de-Mars.<br />
The Loft Gallery is pleased to welcome you to the ART PARIS fair to discover our unique exhibition &#8220;THE 70&#8217;s SHOW&#8221;.</p>
