{"id":10413,"date":"2021-07-07T10:19:21","date_gmt":"2021-07-07T10:19:21","guid":{"rendered":"https:\/\/www.galerieloft.com\/?post_type=artist&#038;p=10413"},"modified":"2026-03-25T11:25:08","modified_gmt":"2026-03-25T11:25:08","slug":"caroline-lazaroo","status":"publish","type":"artist","link":"https:\/\/preprod.galerieloft.com\/en\/artists\/caroline-lazaroo\/","title":{"rendered":"Caroline Lazaroo"},"content":{"rendered":"<p>In 1980 <strong>Caroline Lazaroo<\/strong> born in Charenton le Pont (Val-de-Marne, France). She graduated from ESRA (\u00c9cole Sup\u00e9rieure de R\u00e9alisation Audiovisuelle) in 2001 after three years of training. It was during his studies that he began, in 1999, his career as a professional cameraman on reports for the television show<em> Rive Droite\/ Rive Gauche<\/em> by <strong>Thierry Ardisson<\/strong>. She continues this career until today, participating in the production of many documentaries, clips or television magazines.<\/p>\n<p><!--more--><\/p>\n<p><span id=\"s2_2\">Her taste for cinema is developed, big fan of <strong>Scorsese<\/strong>, <strong>Tarantino<\/strong>, but also <strong>Godard<\/strong>, <strong>Truffaut<\/strong> or <strong>Sacha Guitry<\/strong>. This will allow it to develop thanks to the appearance of Digital Reflex cameras, new forms of shooting. Especially by using optical photos to play on the blur of the backgrounds or depths of field. This will give a \u201ccinematic\u201d aspect to his reports. The evolution of his professional practice is accompanied by an increasingly marked desire; Exceed the \u00abraw\u00bb dimension of the rushes of his video shots. She turns to photography to capture the \u00abessence\u00bb of the image in a new dimension \u00abfixed\u00bb but \u00abelaborated\u00bb.<\/span><\/p>\n<p>In 2017, after having made several series of photographs with abandoned sites as a frame, she began to get passionate about URBEX. A practice of visiting places built and abandoned by man.<\/p>\n<hr \/>\n<h3><strong>QUOTE<\/strong><\/h3>\n<blockquote><p><em><span id=\"s2_1\">&#8220;After making different types of photos, I realized that there is nothing that makes me happier than to photograph places abandoned.<\/span>\u00a0<span id=\"s2_2\">Is it by misanthropy or just for the simple fact of seeing the power of Nature and life that takes over, I cannot say.<\/span>\u00a0<span id=\"s2_3\">As soon as I am in these places, I feel good, calm.<\/span>\u00a0<span id=\"s2_4\">I feel as if time has stopped, as if we had taken a remote control and pressed the stop button, as if we had entered a bubble that exists only for ourselves.<\/span>\u00a0<span id=\"s2_5\">There is a sort of serenity, the sound of birds&#8230; It\u2019s like being transported to another dimension, and that\u2019s what I\u2019m trying to show with my pictures.\u201d<\/span><\/em><\/p><\/blockquote>\n","protected":false},"excerpt":{"rendered":"<p>&#8220;After making different types of photos, I realized that there is nothing that makes me happier than to photograph places abandoned.\u00a0Is it by misanthropy or just for the simple fact of seeing the power of Nature and life that takes over, I cannot say.\u00a0As soon as I am in these places, I feel good, calm.\u00a0I feel as if time has stopped, as if we had taken a remote control and pressed the stop button, as if we had entered a bubble that exists only for ourselves.\u00a0There is a sort of serenity, the sound of birds&#8230; It\u2019s like being transported to another dimension, and that\u2019s what I\u2019m trying to show with my pictures.\u201d<\/p>\n","protected":false},"featured_media":10336,"template":"","artist_cat":[225],"class_list":["post-10413","artist","type-artist","status-publish","has-post-thumbnail","hentry","artist_cat-photographer"],"_links":{"self":[{"href":"https:\/\/preprod.galerieloft.com\/en\/wp-json\/wp\/v2\/artist\/10413","targetHints":{"allow":["GET"]}}],"collection":[{"href":"https:\/\/preprod.galerieloft.com\/en\/wp-json\/wp\/v2\/artist"}],"about":[{"href":"https:\/\/preprod.galerieloft.com\/en\/wp-json\/wp\/v2\/types\/artist"}],"wp:featuredmedia":[{"embeddable":true,"href":"https:\/\/preprod.galerieloft.com\/en\/wp-json\/wp\/v2\/media\/10336"}],"wp:attachment":[{"href":"https:\/\/preprod.galerieloft.com\/en\/wp-json\/wp\/v2\/media?parent=10413"}],"wp:term":[{"taxonomy":"artist_cat","embeddable":true,"href":"https:\/\/preprod.galerieloft.com\/en\/wp-json\/wp\/v2\/artist_cat?post=10413"}],"curies":[{"name":"wp","href":"https:\/\/api.w.org\/{rel}","templated":true}]}}

<p>In 1980 <strong>Caroline Lazaroo</strong> born in Charenton le Pont (Val-de-Marne, France). She graduated from ESRA (École Supérieure de Réalisation Audiovisuelle) in 2001 after three years of training. It was during his studies that he began, in 1999, his career as a professional cameraman on reports for the television show<em> Rive Droite/ Rive Gauche</em> by <strong>Thierry Ardisson</strong>. She continues this career until today, participating in the production of many documentaries, clips or television magazines.</p>
<p><!--more--></p>
<p><span id="s2_2">Her taste for cinema is developed, big fan of <strong>Scorsese</strong>, <strong>Tarantino</strong>, but also <strong>Godard</strong>, <strong>Truffaut</strong> or <strong>Sacha Guitry</strong>. This will allow it to develop thanks to the appearance of Digital Reflex cameras, new forms of shooting. Especially by using optical photos to play on the blur of the backgrounds or depths of field. This will give a “cinematic” aspect to his reports. The evolution of his professional practice is accompanied by an increasingly marked desire; Exceed the «raw» dimension of the rushes of his video shots. She turns to photography to capture the «essence» of the image in a new dimension «fixed» but «elaborated».</span></p>
<p>In 2017, after having made several series of photographs with abandoned sites as a frame, she began to get passionate about URBEX. A practice of visiting places built and abandoned by man.</p>
<hr />
<h3><strong>QUOTE</strong></h3>
<blockquote><p><em><span id="s2_1">&#8220;After making different types of photos, I realized that there is nothing that makes me happier than to photograph places abandoned.</span> <span id="s2_2">Is it by misanthropy or just for the simple fact of seeing the power of Nature and life that takes over, I cannot say.</span> <span id="s2_3">As soon as I am in these places, I feel good, calm.</span> <span id="s2_4">I feel as if time has stopped, as if we had taken a remote control and pressed the stop button, as if we had entered a bubble that exists only for ourselves.</span> <span id="s2_5">There is a sort of serenity, the sound of birds&#8230; It’s like being transported to another dimension, and that’s what I’m trying to show with my pictures.”</span></em></p></blockquote>
